4 = 0, 0 = -3*b - 0*b - 2*p + 7. Let t be -1 + 17 - 1/1. Suppose -b*z + 5 = -t. What is the highest common factor of 12 and z?
4
Suppose -6*w = w - 21. Let c(v) = v + 1. Let i be c(w). Let z(m) = -7*m - 2. Let j be z(-2). Calculate the highest common divisor of i and j.
4
Let c(l) = l**2 + 2*l - 5. Let w be c(-18). Let r = w + -239. Suppose 3*h = 83 - 17. What is the highest common factor of r and h?
22
Suppose 2*y - 6 = 0, 5*v - 2*y + 13 = 37. What is the highest common factor of 786 and v?
6
Let m = -75 - -113. Let i = 47 - m. Calculate the greatest common divisor of 45 and i.
9
Let v be 2 + (-2)/3 - 14/(-21). Suppose 2*t - 26 = -v. Calculate the highest common divisor of 16 and t.
4
Let z(n) = n**2 + 6*n + 3. Let w be z(-6). Let x(f) = -10*f - 1 - 3 - w + 3. Let v be x(-3). What is the highest common factor of v and 13?
13
Suppose -2*f + 100 = 1043*u - 1039*u, -4*u + 104 = 3*f. Let s(v) = 29*v**2 + 4*v + 4. Let l be s(-3). Calculate the highest common divisor of l and u.
23
Let h(m) = 151*m + 6. Let r be h(-5). Let w = -217 - r. Suppose 5*t - w = -12. Calculate the greatest common factor of t and 26.
26
Let d(u) = -5*u**3 - 2*u**2 + 1. Let j be d(-1). Suppose -5 = -j*y - 1. What is the highest common divisor of 9 and y?
1
Suppose 2*p - 15 = -5*x, -1 + 16 = -3*p. Suppose x*a = 42 + 3. Let w = -4 + a. What is the highest common divisor of 15 and w?
5
Suppose 3*b = 276 + 1089. Calculate the greatest common factor of b and 91.
91
Let n = -398 - -500. What is the highest common divisor of 6 and n?
6
Let k(z) = 14*z**2 + 4*z. Let f be k(-3). What is the highest common divisor of f and 95?
19
Let h(m) = -2*m**2 + 54*m + 18. Let v be h(27). Calculate the highest common divisor of v and 72.
18
Suppose 708 - 2258 = -25*a. Calculate the greatest common divisor of 62 and a.
62
Let x be 9/(-12) - (-76)/16. Let k be 26/4 + x/(-8). Let m be 2*39/k + -1. What is the highest common divisor of 36 and m?
12
Suppose 0 = 4*b - 5332 + 1072. Calculate the greatest common divisor of b and 15.
15
Suppose 0 = -5*x + 16 + 19. Let u(a) = x*a**3 - 6*a**3 - 6*a**3 - a**2. Let p be u(-1). What is the highest common divisor of p and 1?
1
Let w = -25 - -52. Calculate the highest common divisor of w and 21.
3
Suppose 12*z - 29*z + 8364 = 0. Calculate the highest common divisor of 24 and z.
12
Suppose -3*v + 15 - 30 = 0. Let t(b) = b**2 + 7*b + 13. Let i be t(v). Calculate the greatest common divisor of i and 9.
3
Let i(m) = m**3 + 7*m**2 - 23*m - 27. Let p be i(-9). What is the greatest common divisor of p and 117?
9
Let f(z) = -z**2 + 13*z - 2. Let v be f(7). Suppose -3*o + 110 = 5*m - o, 3*m - 4*o = v. What is the greatest common factor of 40 and m?
20
Let c be (3 - 1)*(-4 + (-40)/(-8)). Suppose k = -4*h + 30, 3*h - c*k - 22 = -3*k. What is the highest common divisor of h and 24?
8
Let c = -17 - -26. What is the greatest common factor of 48 and c?
3
Let s be (-16)/(-104) + 48/26. Suppose -3*u - 22 = b + 9, 2*u + s*b + 26 = 0. Let i be 16/3 - (-3)/u. What is the greatest common divisor of 5 and i?
5
Let x = 1978 - 1927. What is the greatest common factor of 425 and x?
17
Suppose -5*d + 4*n + 186 = 0, 0 = d + 3*n - 0*n - 41. Let m = -493 - -512. What is the greatest common factor of m and d?
19
Let c = -392 - -607. What is the highest common factor of 43 and c?
43
Suppose -2*w = 10, 0 = -5*t + 5*w + 63 - 13. What is the greatest common factor of 365 and t?
5
Suppose -u - 4352 = -7*w - 765, 4*w - u = 2048. Calculate the greatest common divisor of 114 and w.
57
Let l(k) be the first derivative of 6 + 4*k - 3/2*k**2 + 1/3*k**3. Let m be l(4). What is the highest common factor of m and 88?
8
Let l be (-4)/(-50) - 198272/(-1600). Calculate the highest common factor of l and 62.
62
Suppose 130 = 3*f - 584. What is the greatest common factor of 14 and f?
14
Let r be 606/9 - 14/(-21). Let d(u) = u**2 - u + 3. Let w be d(0). Suppose -t = -w*t + 34. Calculate the greatest common factor of r and t.
17
Suppose -3*l = -1 - 5. Suppose 0 = -l*m + 1 - 29. Let a be m/(-3)*33/22. What is the highest common divisor of 56 and a?
7
Let l(d) = d**3 - d**2 - d + 7. Let k be l(0). Let p = -42 - -60. Suppose 5*n = p*n - 91. What is the greatest common factor of n and k?
7
Let n be 268/(-52) + 5 + (-1176)/(-39). Let r(d) = -d + 7. Let b be r(-5). Calculate the highest common factor of b and n.
6
Suppose -3*v + 14*v = 583. Calculate the highest common divisor of 106 and v.
53
Let w be -2*(-8*1)/((-2)/(-4)). Let q = w - 23. What is the greatest common factor of q and 27?
9
Let f(z) = -z**2 - 5*z + 1 + 0 + 2*z**2. Let d = 55 - 50. Let p be f(d). What is the highest common divisor of p and 9?
1
Suppose -3*h + 56 = -4*y - 0*y, -1 = 2*h + 5*y. What is the greatest common divisor of 68 and h?
4
Suppose -11*v + 24*v = 650. What is the highest common divisor of 110 and v?
10
Suppose 0 = 400*t - 403*t + 105. Calculate the highest common factor of t and 14.
7
Suppose -d + 29 = -5*a + 4*a, 0 = 4*a - 4. What is the highest common divisor of d and 2190?
30
Suppose -7*m + 12*m - 330 = 0. What is the highest common factor of m and 6?
6
Suppose 30 = 26*p - 23*p. Calculate the greatest common divisor of 1 and p.
1
Suppose 16*m - 4186 = -7*m. What is the greatest common factor of 234 and m?
26
Let m(v) = v + 18. Let q be m(-6). Let o = 185 - 137. What is the highest common divisor of o and q?
12
Let c = -13 - -9. Let t be 2/4*0/c. Suppose -h + q + 19 = t, h - 18 = -q + 3. What is the highest common divisor of h and 5?
5
Let f = -167 - -197. Calculate the highest common factor of 40 and f.
10
Let u = 58 + 47. Suppose 3*q + g - 5*g = 68, -5*g - u = -5*q. Let j = 13333 + -13317. Calculate the greatest common factor of q and j.
16
Let z(x) = -3*x**3 - x**2 + 2*x - 4. Let n be z(-2). Let m(c) = -c**3 + 12*c**2 + 3. Let b be m(n). Calculate the highest common divisor of b and 12.
3
Suppose 42*n + 11*n = 2544. Calculate the greatest common divisor of 24 and n.
24
Let d = 372 + -163. What is the highest common divisor of d and 11?
11
Let k be 5 + -10 + 21 + 2 + -5. Suppose 78 = w + 2*w. Calculate the greatest common divisor of k and w.
13
Suppose 5*r = -10*j + 5*j + 60, 2*r - 12 = 2*j. Calculate the greatest common factor of 333 and r.
9
Suppose 2*j = 63 + 51. Let l(h) = 5 - 4*h + 2*h + 0*h. Let z be l(-7). Calculate the greatest common divisor of j and z.
19
Let v(g) = -g - 6. Let r be v(-11). Let d(x) = -7*x - r - 5 + 1 + 2*x**2 + 2*x. Let u be d(5). What is the greatest common factor of 96 and u?
16
Let m = 684 - 383. Let r = -166 + m. Let b = 31 - 16. Calculate the highest common divisor of r and b.
15
Suppose 15*s = 10*s - 75. Let h be ((-42)/15)/((-9)/s + -1). Calculate the highest common factor of 2 and h.
1
Suppose 3*k - 7*k + 24 = 0. Suppose 0 = -n - k*n + 168. What is the greatest common factor of 8 and n?
8
Let p = 6 + 13. Let n = p + -7. Suppose 0 = -3*o + 4 + 32. What is the highest common divisor of o and n?
12
Let p = -3 - -5. Let a = 541 - 533. What is the greatest common divisor of p and a?
2
Let t = -12 - -15. Suppose 50 - 12 = 3*z - 5*d, t*z + d = 68. What is the greatest common factor of z and 7?
7
Let i be 1/(-1 + (-6)/(-4)). Let d be -1 + 54 + -5 + i. Let g(m) = -m**3 - 3*m**2 - 2*m + 4. Let s be g(-3). What is the highest common divisor of s and d?
10
Let l be (-6)/11*264/(-96)*64. Calculate the highest common divisor of l and 24.
24
Let u = -31 - -36. Suppose -533 = -u*w - 113. What is the highest common divisor of 24 and w?
12
Suppose 5*l + 96 = 4*l. Let i = l - -136. What is the highest common divisor of 200 and i?
40
Let k(f) = -f**3 + 6*f**2 - 6*f. Suppose -3 = 5*p - 23. Let t be k(p). Suppose -4*r + t*r = 48. What is the greatest common divisor of r and 84?
12
Suppose 2*i - 190 = 14. What is the highest common divisor of 272 and i?
34
Let q = -641 - -1281. What is the highest common factor of q and 240?
80
Let m be (18/4)/((-8)/(-32)). Let o = -24 + m. Let j be ((-770)/15)/(4/o). What is the highest common factor of j and 7?
7
Let i(c) = -2*c. Let f = 6 - 11. Let x be i(f). Calculate the greatest common divisor of x and 30.
10
Suppose 26171 = 5*u - v, -3*u + 33*v = 29*v - 15689. Calculate the greatest common factor of u and 15.
15
Let i = -46 - -3. Let l = i + 134. Calculate the highest commo